{"id":2345,"date":"2025-02-12T16:55:03","date_gmt":"2025-02-12T15:55:03","guid":{"rendered":"https:\/\/www.as-ugine.fr\/?page_id=2345"},"modified":"2025-03-02T13:52:13","modified_gmt":"2025-03-02T12:52:13","slug":"le-sac-du-footballeur","status":"publish","type":"page","link":"https:\/\/www.as-ugine.fr\/index.php\/le-sac-du-footballeur\/","title":{"rendered":"Le sac du footballeur"},"content":{"rendered":"\n<h2 class=\"wp-block-heading has-vivid-red-color has-text-color has-link-color wp-elements-7a5cc106019751681d1092554aa614bc\">Le contenu du sac de foot<\/h2>\n\n\n\n<p class=\"has-black-color has-white-background-color has-text-color has-background has-link-color wp-elements-48e9a1bf3f05aa8aa7214c7cb425f005\">Il nous parait important de mettre l\u2019accent sur la tenue vestimentaire et le contenu du sac de foot de votre enfant notamment pour les plus petits. Nous invitons ainsi chaque parent \u00e0 pr\u00e9parer avec leur enfant un sac de foot appropri\u00e9 \u00e0 une bonne pratique du football, dans des conditions id\u00e9ales pour leur sant\u00e9 et leur bien-\u00eatre. Nous vous dressons ci-dessous le contenu du sac id\u00e9al.<\/p>\n\n\n\n<ul class=\"wp-block-list has-white-color has-vivid-red-background-color has-text-color has-background has-link-color wp-elements-c551f9d91204739c51792792efe8c6a6\">\n<li>Une paire de chaussures \u00e0 crampons moul\u00e9s<\/li>\n\n\n\n<li>Une paire de baskets futsal (de d\u00e9cembre \u00e0 f\u00e9vrier)<\/li>\n\n\n\n<li>Une paire de prot\u00e8ge tibia (obligatoire)<\/li>\n\n\n\n<li>Une paire de chaussettes de football<\/li>\n\n\n\n<li>Un short du club<\/li>\n\n\n\n<li>Un maillot du club<\/li>\n\n\n\n<li>Un v\u00eatement technique sous-couche (hiver)<\/li>\n\n\n\n<li>Un sweat-shirt ou un haut de surv\u00eatement<\/li>\n\n\n\n<li>Un bas de surv\u00eatement ou un cale\u00e7on long (collant de sport noir) pour les jours de grand froid<\/li>\n\n\n\n<li>Une veste pour le prot\u00e9ger de la pluie mais \u00e9galement du vent<\/li>\n\n\n\n<li>Un bonnet et des gants (hiver)<\/li>\n\n\n\n<li>Une serviette de bain, un gel douche et une paire de claquettes pour la douche<\/li>\n\n\n\n<li><strong>Une gourde (obligatoire et personnalis\u00e9e)<\/strong><\/li>\n\n\n\n<li>Il n&rsquo;est pas interdit de prendre un short ou une paire de chaussettes en double au cas o\u00f9 un de tes copains aurait oubli\u00e9 les siens.<\/li>\n<\/ul>\n\n\n\n<h2 class=\"wp-block-heading has-vivid-red-color has-text-color has-link-color wp-elements-f80c0a604e984edd7f1785b4dba7e474\">Pour les plateaux ou les matchs<\/h2>\n\n\n\n<p>En plus de la liste ci-dessus, pensez \u00e0 prendre<strong>&nbsp;la paire de chaussettes et le short qui vous ont \u00e9t\u00e9 remis en d\u00e9but de saison, le club fournit le maillot de match.<\/strong><\/p>\n\n\n\n<p><strong>Le surv\u00eatement du club est obligatoire pour venir avec les couleurs !<\/strong><\/p>\n\n\n\n<p>Merci \u00e0 veiller \u00e0 prendre obligatoirement des&nbsp;<strong>chaussures de rechange<\/strong>&nbsp;par respect pour les personnes qui assurent le covoiturage.<\/p>\n\n\n\n<p><strong>Nous pensons qu\u2019il est de la responsabilit\u00e9 des enfants de pr\u00e9parer, avec votre participation \u00e9ventuelle, leur sac de football.<\/strong>&nbsp;De plus il nous semble formateur et important de se changer dans les vestiaires, de fa\u00e7on autonome avec leurs camarades avant l\u2019entra\u00eenement et les matchs.<\/p>\n\n\n\n<p><strong>A partir des U11<\/strong>, une faible proportion d\u2019enfants prend sa douche \u00e0 l\u2019issue de l\u2019entra\u00eenement ou des matchs. Il nous semble important de v\u00e9hiculer des valeurs d\u2019hygi\u00e8ne mais \u00e9galement de vie collective, et la douche est le prolongement de cet \u00e9tat d\u2019esprit. Alors si vous souhaitez nous accompagner dans cette d\u00e9marche, glissez-lui&nbsp;<strong>une serviette dans le sac.<\/strong><\/p>\n\n\n\n<figure class=\"wp-block-image alignfull size-full\"><img loading=\"lazy\" decoding=\"async\" width=\"1024\" height=\"576\" src=\"https:\/\/www.as-ugine.fr\/wp-content\/uploads\/2025\/02\/SupportPresentationPEF.jpg\" alt=\"Pr\u00e9sentation du contenu du sac du footballeur - as ugine football\" class=\"wp-image-2355\" srcset=\"https:\/\/www.as-ugine.fr\/wp-content\/uploads\/2025\/02\/SupportPresentationPEF.jpg 1024w, https:\/\/www.as-ugine.fr\/wp-content\/uploads\/2025\/02\/SupportPresentationPEF-300x169.jpg 300w, https:\/\/www.as-ugine.fr\/wp-content\/uploads\/2025\/02\/SupportPresentationPEF-150x84.jpg 150w, https:\/\/www.as-ugine.fr\/wp-content\/uploads\/2025\/02\/SupportPresentationPEF-768x432.jpg 768w, https:\/\/www.as-ugine.fr\/wp-content\/uploads\/2025\/02\/SupportPresentationPEF-107x60.jpg 107w, https:\/\/www.as-ugine.fr\/wp-content\/uploads\/2025\/02\/SupportPresentationPEF-840x473.jpg 840w\" sizes=\"auto, (max-width: 1024px) 100vw, 1024px\" \/><\/figure>\n","protected":false},"excerpt":{"rendered":"<p>Le contenu du sac de foot Il nous parait important de mettre l\u2019accent sur la tenue vestimentaire et le contenu du sac de foot de &hellip; <\/p>\n","protected":false},"author":5,"featured_media":0,"parent":0,"menu_order":0,"comment_status":"closed","ping_status":"closed","template":"","meta":{"footnotes":""},"categories":[34],"tags":[],"class_list":["post-2345","page","type-page","status-publish","hentry","category-programme-educatif-federal","latest_post"],"_links":{"self":[{"href":"https:\/\/www.as-ugine.fr\/index.php\/wp-json\/wp\/v2\/pages\/2345","targetHints":{"allow":["GET"]}}],"collection":[{"href":"https:\/\/www.as-ugine.fr\/index.php\/wp-json\/wp\/v2\/pages"}],"about":[{"href":"https:\/\/www.as-ugine.fr\/index.php\/wp-json\/wp\/v2\/types\/page"}],"author":[{"embeddable":true,"href":"https:\/\/www.as-ugine.fr\/index.php\/wp-json\/wp\/v2\/users\/5"}],"replies":[{"embeddable":true,"href":"https:\/\/www.as-ugine.fr\/index.php\/wp-json\/wp\/v2\/comments?post=2345"}],"version-history":[{"count":9,"href":"https:\/\/www.as-ugine.fr\/index.php\/wp-json\/wp\/v2\/pages\/2345\/revisions"}],"predecessor-version":[{"id":2466,"href":"https:\/\/www.as-ugine.fr\/index.php\/wp-json\/wp\/v2\/pages\/2345\/revisions\/2466"}],"wp:attachment":[{"href":"https:\/\/www.as-ugine.fr\/index.php\/wp-json\/wp\/v2\/media?parent=2345"}],"wp:term":[{"taxonomy":"category","embeddable":true,"href":"https:\/\/www.as-ugine.fr\/index.php\/wp-json\/wp\/v2\/categories?post=2345"},{"taxonomy":"post_tag","embeddable":true,"href":"https:\/\/www.as-ugine.fr\/index.php\/wp-json\/wp\/v2\/tags?post=2345"}],"curies":[{"name":"wp","href":"https:\/\/api.w.org\/{rel}","templated":true}]}}

<h2 class="wp-block-heading has-vivid-red-color has-text-color has-link-color wp-elements-7a5cc106019751681d1092554aa614bc">Le contenu du sac de foot</h2>



<p class="has-black-color has-white-background-color has-text-color has-background has-link-color wp-elements-48e9a1bf3f05aa8aa7214c7cb425f005">Il nous parait important de mettre l’accent sur la tenue vestimentaire et le contenu du sac de foot de votre enfant notamment pour les plus petits. Nous invitons ainsi chaque parent à préparer avec leur enfant un sac de foot approprié à une bonne pratique du football, dans des conditions idéales pour leur santé et leur bien-être. Nous vous dressons ci-dessous le contenu du sac idéal.</p>



<ul class="wp-block-list has-white-color has-vivid-red-background-color has-text-color has-background has-link-color wp-elements-c551f9d91204739c51792792efe8c6a6">
<li>Une paire de chaussures à crampons moulés</li>



<li>Une paire de baskets futsal (de décembre à février)</li>



<li>Une paire de protège tibia (obligatoire)</li>



<li>Une paire de chaussettes de football</li>



<li>Un short du club</li>



<li>Un maillot du club</li>



<li>Un vêtement technique sous-couche (hiver)</li>



<li>Un sweat-shirt ou un haut de survêtement</li>



<li>Un bas de survêtement ou un caleçon long (collant de sport noir) pour les jours de grand froid</li>



<li>Une veste pour le protéger de la pluie mais également du vent</li>



<li>Un bonnet et des gants (hiver)</li>



<li>Une serviette de bain, un gel douche et une paire de claquettes pour la douche</li>



<li><strong>Une gourde (obligatoire et personnalisée)</strong></li>



<li>Il n&rsquo;est pas interdit de prendre un short ou une paire de chaussettes en double au cas où un de tes copains aurait oublié les siens.</li>
</ul>



<h2 class="wp-block-heading has-vivid-red-color has-text-color has-link-color wp-elements-f80c0a604e984edd7f1785b4dba7e474">Pour les plateaux ou les matchs</h2>



<p>En plus de la liste ci-dessus, pensez à prendre<strong>&nbsp;la paire de chaussettes et le short qui vous ont été remis en début de saison, le club fournit le maillot de match.</strong></p>



<p><strong>Le survêtement du club est obligatoire pour venir avec les couleurs !</strong></p>



<p>Merci à veiller à prendre obligatoirement des&nbsp;<strong>chaussures de rechange</strong>&nbsp;par respect pour les personnes qui assurent le covoiturage.</p>



<p><strong>Nous pensons qu’il est de la responsabilité des enfants de préparer, avec votre participation éventuelle, leur sac de football.</strong>&nbsp;De plus il nous semble formateur et important de se changer dans les vestiaires, de façon autonome avec leurs camarades avant l’entraînement et les matchs.</p>



<p><strong>A partir des U11</strong>, une faible proportion d’enfants prend sa douche à l’issue de l’entraînement ou des matchs. Il nous semble important de véhiculer des valeurs d’hygiène mais également de vie collective, et la douche est le prolongement de cet état d’esprit. Alors si vous souhaitez nous accompagner dans cette démarche, glissez-lui&nbsp;<strong>une serviette dans le sac.</strong></p>



<figure class="wp-block-image alignfull size-full"><img loading="lazy" decoding="async" width="1024" height="576" src="https://www.as-ugine.fr/wp-content/uploads/2025/02/SupportPresentationPEF.jpg" alt="Présentation du contenu du sac du footballeur - as ugine football" class="wp-image-2355" srcset="https://www.as-ugine.fr/wp-content/uploads/2025/02/SupportPresentationPEF.jpg 1024w, https://www.as-ugine.fr/wp-content/uploads/2025/02/SupportPresentationPEF-300x169.jpg 300w, https://www.as-ugine.fr/wp-content/uploads/2025/02/SupportPresentationPEF-150x84.jpg 150w, https://www.as-ugine.fr/wp-content/uploads/2025/02/SupportPresentationPEF-768x432.jpg 768w, https://www.as-ugine.fr/wp-content/uploads/2025/02/SupportPresentationPEF-107x60.jpg 107w, https://www.as-ugine.fr/wp-content/uploads/2025/02/SupportPresentationPEF-840x473.jpg 840w" sizes="auto, (max-width: 1024px) 100vw, 1024px" /></figure>
