{"id":1755,"date":"2023-11-26T20:28:23","date_gmt":"2023-11-26T19:28:23","guid":{"rendered":"https:\/\/www.as-ugine.fr\/?page_id=1755"},"modified":"2024-05-19T12:37:34","modified_gmt":"2024-05-19T10:37:34","slug":"plats-a-emporter","status":"publish","type":"page","link":"https:\/\/www.as-ugine.fr\/index.php\/plats-a-emporter\/","title":{"rendered":"PLATS A EMPORTER"},"content":{"rendered":"\n<div class=\"wp-block-media-text is-stacked-on-mobile is-vertically-aligned-top\"><figure class=\"wp-block-media-text__media\"><img decoding=\"async\" src=\"https:\/\/www.as-ugine.fr\/wp-content\/uploads\/2024\/05\/WhatsApp-Image-2024-05-15-at-21.21.01-814x682.jpeg\" alt=\"vente \u00e0 emporter couscous - as ugine football\" class=\"wp-image-1957 size-full\"\/><\/figure><div class=\"wp-block-media-text__content\">\n<p>L&rsquo;AS Ugine Football organise une vente de plat \u00e0 emporter : le COUSCOUS.<br>Nous continuons notre voyage culinaire et amenons un peu de chaleur durant ce printemps frileux.<\/p>\n\n\n\n<p>R\u00e9servez vos plats avant le 29 mai, et venez les r\u00e9cup\u00e9rer le 1er Juin 2024, de 17h00 \u00e0 20h30.<br>Vous aurez aussi une buvette et la vente de g\u00e2teaux sur place.<\/p>\n\n\n\n<p>Pr\u00e9voyez vos contenants si vous souhaitez nous aider \u00e0 r\u00e9duire les d\u00e9chets.<\/p>\n\n\n\n<p class=\"has-medium-font-size\"><strong>R\u00e9servation obligatoire<\/strong><\/p>\n\n\n\n<p class=\"has-medium-font-size\"><strong>Au choix<\/strong><\/p>\n\n\n\n<div class=\"wp-block-buttons is-horizontal is-content-justification-center is-layout-flex wp-container-core-buttons-is-layout-ddb39544 wp-block-buttons-is-layout-flex\">\n<div class=\"wp-block-button\"><a class=\"wp-block-button__link wp-element-button\" href=\"https:\/\/www.as-ugine.fr\/wp-content\/uploads\/2024\/05\/couscous-01.06.24-A4-bulletin.pdf\" target=\"_blank\" rel=\"noreferrer noopener\">Imprimer le bon de commande<\/a><\/div>\n<\/div>\n\n\n\n<p><strong>OU<\/strong><\/p>\n\n\n\n<div class=\"wp-block-buttons is-content-justification-center is-layout-flex wp-container-core-buttons-is-layout-16018d1d wp-block-buttons-is-layout-flex\">\n<div class=\"wp-block-button\"><a class=\"wp-block-button__link wp-element-button\" href=\"https:\/\/www.helloasso.com\/associations\/as-ugine-football\/boutiques\/vente-a-emporter-de-couscous-01-06-2024\" target=\"_blank\" rel=\"noreferrer noopener\">Commander sur HelloAsso<\/a><\/div>\n<\/div>\n<\/div><\/div>\n\n\n\n<p class=\"has-text-align-center has-medium-font-size\"><\/p>\n","protected":false},"excerpt":{"rendered":"","protected":false},"author":5,"featured_media":0,"parent":0,"menu_order":0,"comment_status":"closed","ping_status":"closed","template":"","meta":{"footnotes":""},"categories":[],"tags":[],"class_list":["post-1755","page","type-page","status-publish","hentry","latest_post"],"_links":{"self":[{"href":"https:\/\/www.as-ugine.fr\/index.php\/wp-json\/wp\/v2\/pages\/1755","targetHints":{"allow":["GET"]}}],"collection":[{"href":"https:\/\/www.as-ugine.fr\/index.php\/wp-json\/wp\/v2\/pages"}],"about":[{"href":"https:\/\/www.as-ugine.fr\/index.php\/wp-json\/wp\/v2\/types\/page"}],"author":[{"embeddable":true,"href":"https:\/\/www.as-ugine.fr\/index.php\/wp-json\/wp\/v2\/users\/5"}],"replies":[{"embeddable":true,"href":"https:\/\/www.as-ugine.fr\/index.php\/wp-json\/wp\/v2\/comments?post=1755"}],"version-history":[{"count":17,"href":"https:\/\/www.as-ugine.fr\/index.php\/wp-json\/wp\/v2\/pages\/1755\/revisions"}],"predecessor-version":[{"id":1964,"href":"https:\/\/www.as-ugine.fr\/index.php\/wp-json\/wp\/v2\/pages\/1755\/revisions\/1964"}],"wp:attachment":[{"href":"https:\/\/www.as-ugine.fr\/index.php\/wp-json\/wp\/v2\/media?parent=1755"}],"wp:term":[{"taxonomy":"category","embeddable":true,"href":"https:\/\/www.as-ugine.fr\/index.php\/wp-json\/wp\/v2\/categories?post=1755"},{"taxonomy":"post_tag","embeddable":true,"href":"https:\/\/www.as-ugine.fr\/index.php\/wp-json\/wp\/v2\/tags?post=1755"}],"curies":[{"name":"wp","href":"https:\/\/api.w.org\/{rel}","templated":true}]}}